Last updated on 2021-03-05 05:48:57 CET.
Flavor | Version | Tinstall | Tcheck | Ttotal | Status | Flags |
---|---|---|---|---|---|---|
r-devel-linux-x86_64-debian-clang | 1.2.2 | 4.47 | 141.04 | 145.51 | NOTE | |
r-devel-linux-x86_64-debian-gcc | 1.2.2 | 3.20 | 114.23 | 117.43 | NOTE | |
r-devel-linux-x86_64-fedora-clang | 1.2.2 | 204.20 | NOTE | |||
r-devel-linux-x86_64-fedora-gcc | 1.2.2 | 446.13 | NOTE | |||
r-devel-windows-ix86+x86_64 | 1.2.2 | 10.00 | 473.00 | 483.00 | OK | |
r-patched-linux-x86_64 | 1.2.2 | NOTE | ||||
r-patched-solaris-x86 | 1.2.2 | 256.60 | NOTE | |||
r-release-linux-x86_64 | 1.2.2 | 4.33 | 140.51 | 144.84 | NOTE | |
r-release-macos-x86_64 | 1.2.2 | OK | ||||
r-release-windows-ix86+x86_64 | 1.2.2 | 10.00 | 391.00 | 401.00 | OK | |
r-oldrel-macos-x86_64 | 1.2.2 | OK | ||||
r-oldrel-windows-ix86+x86_64 | 1.2.2 | 34.00 | 233.00 | 267.00 | OK |
Version: 1.2.2
Check: package dependencies
Result: NOTE
Package suggested but not available for checking: 'GAMBoost'
Flavors: r-devel-linux-x86_64-debian-clang, r-devel-linux-x86_64-debian-gcc, r-devel-linux-x86_64-fedora-clang, r-devel-linux-x86_64-fedora-gcc, r-patched-linux-x86_64, r-patched-solaris-x86, r-release-linux-x86_64