CRAN Package Check Results for Package bsub

Last updated on 2020-11-29 05:47:16 CET.

Flavor Version Tinstall Tcheck Ttotal Status Flags
r-devel-linux-x86_64-debian-clang 1.0.2 6.56 42.33 48.89 OK
r-devel-linux-x86_64-debian-gcc 1.0.2 4.82 33.86 38.68 OK
r-devel-linux-x86_64-fedora-clang 1.0.2 64.88 OK
r-devel-linux-x86_64-fedora-gcc 1.0.2 57.22 OK
r-devel-windows-ix86+x86_64 1.0.2 11.00 54.00 65.00 OK
r-patched-linux-x86_64 1.0.2 6.60 39.85 46.45 OK
r-patched-solaris-x86 1.0.2 85.90 NOTE
r-release-linux-x86_64 1.0.2 6.98 40.51 47.49 OK
r-release-macos-x86_64 1.0.2 OK
r-release-windows-ix86+x86_64 1.0.2 11.00 42.00 53.00 OK
r-oldrel-macos-x86_64 1.0.2 OK
r-oldrel-windows-ix86+x86_64 1.0.2 8.00 45.00 53.00 OK

Check Details

Version: 1.0.2
Check: package dependencies
Result: NOTE
    Package suggested but not available for checking: ‘ssh’
Flavor: r-patched-solaris-x86