CRAN Package Check Results for Package binnednp

Last updated on 2020-11-25 05:48:57 CET.

Flavor Version Tinstall Tcheck Ttotal Status Flags
r-devel-linux-x86_64-debian-clang 0.4.0 49.40 42.25 91.65 OK
r-devel-linux-x86_64-debian-gcc 0.4.0 48.94 32.70 81.64 OK
r-devel-linux-x86_64-fedora-clang 0.4.0 125.52 NOTE
r-devel-linux-x86_64-fedora-gcc 0.4.0 105.20 NOTE
r-devel-windows-ix86+x86_64 0.4.0 100.00 88.00 188.00 OK
r-patched-linux-x86_64 0.4.0 64.83 41.59 106.42 OK
r-patched-solaris-x86 0.4.0 117.40 NOTE
r-release-linux-x86_64 0.4.0 64.17 41.52 105.69 OK
r-release-macos-x86_64 0.4.0 NOTE
r-release-windows-ix86+x86_64 0.4.0 103.00 101.00 204.00 OK
r-oldrel-macos-x86_64 0.4.0 NOTE
r-oldrel-windows-ix86+x86_64 0.4.0 84.00 60.00 144.00 OK

Check Details

Version: 0.4.0
Check: dependencies in R code
Result: NOTE
    Namespace in Imports field not imported from: ‘Rdpack’
     All declared Imports should be used.
Flavors: r-devel-linux-x86_64-fedora-clang, r-devel-linux-x86_64-fedora-gcc, r-patched-solaris-x86, r-release-macos-x86_64, r-oldrel-macos-x86_64