CRAN Package Check Results for Package bigmemory.sri

Last updated on 2020-11-26 05:48:53 CET.

Flavor Version Tinstall Tcheck Ttotal Status Flags
r-devel-linux-x86_64-debian-clang 0.1.3 1.83 22.40 24.23 NOTE
r-devel-linux-x86_64-debian-gcc 0.1.3 1.31 19.01 20.32 NOTE
r-devel-linux-x86_64-fedora-clang 0.1.3 35.19 NOTE
r-devel-linux-x86_64-fedora-gcc 0.1.3 25.52 NOTE
r-devel-windows-ix86+x86_64 0.1.3 4.00 35.00 39.00 NOTE
r-patched-linux-x86_64 0.1.3 1.84 20.34 22.18 NOTE
r-patched-solaris-x86 0.1.3 42.10 NOTE
r-release-linux-x86_64 0.1.3 1.85 20.28 22.13 NOTE
r-release-macos-x86_64 0.1.3 NOTE
r-release-windows-ix86+x86_64 0.1.3 4.00 37.00 41.00 NOTE
r-oldrel-macos-x86_64 0.1.3 NOTE
r-oldrel-windows-ix86+x86_64 0.1.3 4.00 37.00 41.00 NOTE

Check Details

Version: 0.1.3
Check: DESCRIPTION meta-information
Result: NOTE
    Checking should be performed on sources prepared by 'R CMD build'.
Flavors: r-devel-linux-x86_64-debian-clang, r-devel-linux-x86_64-debian-gcc, r-devel-linux-x86_64-fedora-clang, r-devel-linux-x86_64-fedora-gcc, r-devel-windows-ix86+x86_64, r-patched-linux-x86_64, r-patched-solaris-x86, r-release-linux-x86_64, r-release-macos-x86_64, r-release-windows-ix86+x86_64, r-oldrel-macos-x86_64, r-oldrel-windows-ix86+x86_64