CRAN Package Check Results for Package bcrm

Last updated on 2020-12-05 05:48:08 CET.

Flavor Version Tinstall Tcheck Ttotal Status Flags
r-devel-linux-x86_64-debian-clang 0.5.4 8.14 53.88 62.02 OK
r-devel-linux-x86_64-debian-gcc 0.5.4 6.73 43.59 50.32 OK
r-devel-linux-x86_64-fedora-clang 0.5.4 80.95 NOTE
r-devel-linux-x86_64-fedora-gcc 0.5.4 70.23 NOTE
r-devel-windows-ix86+x86_64 0.5.4 16.00 68.00 84.00 OK
r-patched-linux-x86_64 0.5.4 8.44 51.24 59.68 OK
r-patched-solaris-x86 0.5.4 95.20 NOTE
r-release-linux-x86_64 0.5.4 8.19 50.13 58.32 OK
r-release-macos-x86_64 0.5.4 NOTE
r-release-windows-ix86+x86_64 0.5.4 12.00 55.00 67.00 OK
r-oldrel-macos-x86_64 0.5.4 NOTE
r-oldrel-windows-ix86+x86_64 0.5.4 13.00 71.00 84.00 OK

Check Details

Version: 0.5.4
Check: dependencies in R code
Result: NOTE
    Namespaces in Imports field not imported from:
     ‘knitr’ ‘rlang’
     All declared Imports should be used.
Flavors: r-devel-linux-x86_64-fedora-clang, r-devel-linux-x86_64-fedora-gcc, r-patched-solaris-x86, r-release-macos-x86_64, r-oldrel-macos-x86_64

Version: 0.5.4
Check: package dependencies
Result: NOTE
    Package suggested but not available for checking: ‘BRugs’
Flavors: r-patched-solaris-x86, r-release-macos-x86_64, r-oldrel-macos-x86_64