Last updated on 2021-01-23 05:46:57 CET.
Flavor | Version | Tinstall | Tcheck | Ttotal | Status | Flags |
---|---|---|---|---|---|---|
r-devel-linux-x86_64-debian-clang | 1.8.0 | 13.51 | 326.76 | 340.27 | OK | |
r-devel-linux-x86_64-debian-gcc | 1.8.0 | 11.16 | 234.58 | 245.74 | OK | |
r-devel-linux-x86_64-fedora-clang | 1.8.0 | 391.51 | NOTE | |||
r-devel-linux-x86_64-fedora-gcc | 1.8.0 | 393.08 | OK | |||
r-devel-windows-ix86+x86_64 | 1.8.0 | 26.00 | 391.00 | 417.00 | NOTE | |
r-patched-linux-x86_64 | 1.8.0 | 13.08 | 315.11 | 328.19 | OK | |
r-patched-solaris-x86 | 1.8.0 | 383.00 | NOTE | |||
r-release-linux-x86_64 | 1.8.0 | 12.88 | 310.80 | 323.68 | OK | |
r-release-macos-x86_64 | 1.8.0 | NOTE | ||||
r-release-windows-ix86+x86_64 | 1.8.0 | 37.00 | 394.00 | 431.00 | NOTE | |
r-oldrel-macos-x86_64 | 1.8.0 | NOTE | ||||
r-oldrel-windows-ix86+x86_64 | 1.8.0 | 17.00 | 284.00 | 301.00 | NOTE |
Version: 1.8.0
Check: installed package size
Result: NOTE
installed size is 5.9Mb
sub-directories of 1Mb or more:
R 1.8Mb
doc 3.4Mb
Flavors: r-devel-linux-x86_64-fedora-clang, r-devel-windows-ix86+x86_64, r-patched-solaris-x86, r-release-macos-x86_64, r-release-windows-ix86+x86_64, r-oldrel-macos-x86_64, r-oldrel-windows-ix86+x86_64