CRAN Package Check Results for Package bayescount

Last updated on 2020-11-27 05:48:51 CET.

Flavor Version Tinstall Tcheck Ttotal Status Flags
r-devel-linux-x86_64-debian-clang 0.9.99-5 19.89 69.11 89.00 NOTE
r-devel-linux-x86_64-debian-gcc 0.9.99-5 13.38 53.50 66.88 NOTE
r-devel-linux-x86_64-fedora-clang 0.9.99-5 111.82 NOTE
r-devel-linux-x86_64-fedora-gcc 0.9.99-5 103.66 NOTE
r-devel-windows-ix86+x86_64 0.9.99-5 26.00 99.00 125.00 NOTE
r-patched-linux-x86_64 0.9.99-5 20.09 63.29 83.38 NOTE
r-patched-solaris-x86 0.9.99-5 123.20 NOTE
r-release-linux-x86_64 0.9.99-5 19.24 64.39 83.63 NOTE
r-release-macos-x86_64 0.9.99-5 NOTE
r-release-windows-ix86+x86_64 0.9.99-5 27.00 97.00 124.00 NOTE
r-oldrel-macos-x86_64 0.9.99-5 NOTE
r-oldrel-windows-ix86+x86_64 0.9.99-5 25.00 80.00 105.00 NOTE

Check Details

Version: 0.9.99-5
Check: R code for possible problems
Result: NOTE
    FECRT: no visible global function definition for 'pdf'
    FECRT: no visible global function definition for 'hist'
    FECRT: no visible global function definition for 'abline'
    FECRT: no visible global function definition for 'dev.off'
    FECRT.analysis: no visible global function definition for 'pdf'
    FECRT.analysis: no visible global function definition for 'hist'
    FECRT.analysis: no visible global function definition for 'abline'
    FECRT.analysis: no visible global function definition for 'dev.off'
    fecrt: no visible global function definition for 'pdf'
    fecrt: no visible global function definition for 'hist'
    fecrt: no visible global function definition for 'abline'
    fecrt: no visible global function definition for 'dev.off'
    fecrt.analysis: no visible global function definition for 'pdf'
    fecrt.analysis: no visible global function definition for 'hist'
    fecrt.analysis: no visible global function definition for 'abline'
    fecrt.analysis: no visible global function definition for 'dev.off'
    Undefined global functions or variables:
     abline dev.off hist pdf
    Consider adding
     importFrom("grDevices", "dev.off", "pdf")
     importFrom("graphics", "abline", "hist")
    to your NAMESPACE file.
Flavors: r-devel-linux-x86_64-debian-clang, r-devel-linux-x86_64-debian-gcc, r-devel-linux-x86_64-fedora-clang, r-devel-linux-x86_64-fedora-gcc, r-devel-windows-ix86+x86_64, r-patched-linux-x86_64, r-patched-solaris-x86, r-release-linux-x86_64, r-release-macos-x86_64, r-release-windows-ix86+x86_64, r-oldrel-macos-x86_64, r-oldrel-windows-ix86+x86_64

Version: 0.9.99-5
Check: compiled code
Result: NOTE
    File ‘bayescount/libs/bayescount.so’:
     Found no calls to: ‘R_registerRoutines’, ‘R_useDynamicSymbols’
    
    It is good practice to register native routines and to disable symbol
    search.
    
    See ‘Writing portable packages’ in the ‘Writing R Extensions’ manual.
Flavors: r-devel-linux-x86_64-fedora-clang, r-devel-linux-x86_64-fedora-gcc