CRAN Package Check Results for Package bayesImageS

Last updated on 2020-10-19 05:48:26 CEST.

Flavor Version Tinstall Tcheck Ttotal Status Flags
r-devel-linux-x86_64-debian-clang 0.6-0 76.72 111.29 188.01 OK
r-devel-linux-x86_64-debian-gcc 0.6-0 57.96 84.17 142.13 OK
r-devel-linux-x86_64-fedora-clang 0.6-0 251.15 NOTE
r-devel-linux-x86_64-fedora-gcc 0.6-0 233.11 OK
r-devel-windows-ix86+x86_64 0.6-0 134.00 128.00 262.00 OK
r-patched-linux-x86_64 0.6-0 71.68 103.00 174.68 OK
r-patched-solaris-x86 0.6-0 282.60 OK
r-release-linux-x86_64 0.6-0 72.01 102.64 174.65 OK
r-release-macos-x86_64 0.6-0 NOTE
r-release-windows-ix86+x86_64 0.6-0 135.00 168.00 303.00 OK
r-oldrel-macos-x86_64 0.6-0 NOTE
r-oldrel-windows-ix86+x86_64 0.6-0 109.00 180.00 289.00 OK

Check Details

Version: 0.6-0
Check: installed package size
Result: NOTE
     installed size is 7.1Mb
     sub-directories of 1Mb or more:
     data 1.6Mb
     libs 4.8Mb
Flavors: r-devel-linux-x86_64-fedora-clang, r-release-macos-x86_64, r-oldrel-macos-x86_64