CRAN Package Check Results for Package aricode

Last updated on 2021-04-15 05:47:48 CEST.

Flavor Version Tinstall Tcheck Ttotal Status Flags
r-devel-linux-x86_64-debian-clang 1.0.0 26.20 68.85 95.05 NOTE
r-devel-linux-x86_64-debian-gcc 1.0.0 17.34 53.33 70.67 NOTE
r-devel-linux-x86_64-fedora-clang 1.0.0 126.89 NOTE
r-devel-linux-x86_64-fedora-gcc 1.0.0 112.46 NOTE
r-devel-windows-ix86+x86_64 1.0.0 58.00 132.00 190.00 NOTE
r-devel-windows-x86_64-gcc10-UCRT 1.0.0 NOTE
r-patched-linux-x86_64 1.0.0 22.88 63.75 86.63 OK
r-patched-solaris-x86 1.0.0 162.40 OK
r-release-linux-x86_64 1.0.0 21.41 64.09 85.50 OK
r-release-macos-x86_64 1.0.0 OK
r-release-windows-ix86+x86_64 1.0.0 49.00 137.00 186.00 OK
r-oldrel-macos-x86_64 1.0.0 OK
r-oldrel-windows-ix86+x86_64 1.0.0 52.00 97.00 149.00 OK

Additional issues

clang-UBSAN

Check Details

Version: 1.0.0
Check: LazyData
Result: NOTE
     'LazyData' is specified without a 'data' directory
Flavors: r-devel-linux-x86_64-debian-clang, r-devel-linux-x86_64-debian-gcc, r-devel-linux-x86_64-fedora-clang, r-devel-linux-x86_64-fedora-gcc, r-devel-windows-ix86+x86_64, r-devel-windows-x86_64-gcc10-UCRT