CRAN Package Check Results for Package ariExtra

Last updated on 2021-04-20 05:47:25 CEST.

Flavor Version Tinstall Tcheck Ttotal Status Flags
r-devel-linux-x86_64-debian-clang 0.2.11 7.59 96.80 104.39 NOTE
r-devel-linux-x86_64-debian-gcc 0.2.11 6.21 73.17 79.38 NOTE
r-devel-linux-x86_64-fedora-clang 0.2.11 156.39 NOTE
r-devel-linux-x86_64-fedora-gcc 0.2.11 143.17 NOTE
r-devel-windows-ix86+x86_64 0.2.11 15.00 121.00 136.00 NOTE
r-devel-windows-x86_64-gcc10-UCRT 0.2.11 NOTE
r-patched-linux-x86_64 0.2.11 11.83 91.21 103.04 OK
r-patched-solaris-x86 0.2.11 191.30 OK
r-release-linux-x86_64 0.2.11 7.92 91.47 99.39 OK
r-release-macos-x86_64 0.2.11 OK
r-release-windows-ix86+x86_64 0.2.11 19.00 116.00 135.00 OK
r-oldrel-macos-x86_64 0.2.11 OK
r-oldrel-windows-ix86+x86_64 0.2.11 13.00 128.00 141.00 OK

Check Details

Version: 0.2.11
Check: LazyData
Result: NOTE
     'LazyData' is specified without a 'data' directory
Flavors: r-devel-linux-x86_64-debian-clang, r-devel-linux-x86_64-debian-gcc, r-devel-linux-x86_64-fedora-clang, r-devel-linux-x86_64-fedora-gcc, r-devel-windows-ix86+x86_64, r-devel-windows-x86_64-gcc10-UCRT