CRAN Package Check Results for Package apsimx

Last updated on 2020-11-29 05:47:14 CET.

Flavor Version Tinstall Tcheck Ttotal Status Flags
r-devel-linux-x86_64-debian-clang 1.964 15.89 120.65 136.54 OK
r-devel-linux-x86_64-debian-gcc 1.964 9.96 96.72 106.68 OK
r-devel-linux-x86_64-fedora-clang 1.964 167.93 NOTE
r-devel-linux-x86_64-fedora-gcc 1.964 163.67 OK
r-devel-windows-ix86+x86_64 1.964 23.00 154.00 177.00 NOTE
r-patched-linux-x86_64 1.964 14.40 118.96 133.36 OK
r-patched-solaris-x86 1.964 230.20 NOTE
r-release-linux-x86_64 1.964 12.90 119.21 132.11 OK
r-release-macos-x86_64 1.964 NOTE
r-release-windows-ix86+x86_64 1.964 22.00 117.00 139.00 NOTE
r-oldrel-macos-x86_64 1.964 NOTE
r-oldrel-windows-ix86+x86_64 1.964 17.00 124.00 141.00 NOTE

Check Details

Version: 1.964
Check: installed package size
Result: NOTE
     installed size is 7.3Mb
     sub-directories of 1Mb or more:
     extdata 6.4Mb
Flavors: r-devel-linux-x86_64-fedora-clang, r-devel-windows-ix86+x86_64, r-patched-solaris-x86, r-release-macos-x86_64, r-release-windows-ix86+x86_64, r-oldrel-macos-x86_64, r-oldrel-windows-ix86+x86_64