Last updated on 2021-02-26 05:48:20 CET.
Flavor | Version | Tinstall | Tcheck | Ttotal | Status | Flags |
---|---|---|---|---|---|---|
r-devel-linux-x86_64-debian-clang | 0.1.5 | 17.29 | 156.86 | 174.15 | OK | |
r-devel-linux-x86_64-debian-gcc | 0.1.5 | 13.99 | 120.41 | 134.40 | OK | |
r-devel-linux-x86_64-fedora-clang | 0.1.5 | 217.20 | OK | |||
r-devel-linux-x86_64-fedora-gcc | 0.1.5 | 206.56 | OK | |||
r-devel-windows-ix86+x86_64 | 0.1.5 | 26.00 | 122.00 | 148.00 | OK | |
r-patched-linux-x86_64 | 0.1.5 | 11.86 | 148.22 | 160.08 | OK | |
r-patched-solaris-x86 | 0.1.5 | 320.10 | OK | |||
r-release-linux-x86_64 | 0.1.5 | 11.36 | 146.76 | 158.12 | OK | |
r-release-macos-x86_64 | 0.1.5 | OK | ||||
r-release-windows-ix86+x86_64 | 0.1.5 | 41.00 | 171.00 | 212.00 | OK | |
r-oldrel-macos-x86_64 | 0.1.5 | WARN | ||||
r-oldrel-windows-ix86+x86_64 | 0.1.5 | 22.00 | 162.00 | 184.00 | OK |
Version: 0.1.5
Check: whether package can be installed
Result: WARN
Found the following significant warnings:
Warning: 'rgl_init' failed, running with rgl.useNULL = TRUE
Flavor: r-oldrel-macos-x86_64
Version: 0.1.5
Check: dependencies in R code
Result: NOTE
No protocol specified
Flavor: r-oldrel-macos-x86_64
Version: 0.1.5
Check: S3 generic/method consistency
Result: WARN
No protocol specified
See section ‘Generic functions and methods’ in the ‘Writing R
Extensions’ manual.
Flavor: r-oldrel-macos-x86_64
Version: 0.1.5
Check: replacement functions
Result: WARN
No protocol specified
The argument of a replacement function which corresponds to the right
hand side must be named ‘value’.
Flavor: r-oldrel-macos-x86_64
Version: 0.1.5
Check: foreign function calls
Result: NOTE
No protocol specified
See chapter ‘System and foreign language interfaces’ in the ‘Writing R
Extensions’ manual.
Flavor: r-oldrel-macos-x86_64
Version: 0.1.5
Check: R code for possible problems
Result: NOTE
No protocol specified
Flavor: r-oldrel-macos-x86_64
Version: 0.1.5
Check: for missing documentation entries
Result: WARN
No protocol specified
All user-level objects in a package should have documentation entries.
See chapter ‘Writing R documentation files’ in the ‘Writing R
Extensions’ manual.
Flavor: r-oldrel-macos-x86_64
Version: 0.1.5
Check: for code/documentation mismatches
Result: WARN
No protocol specified
No protocol specified
No protocol specified
Flavor: r-oldrel-macos-x86_64
Version: 0.1.5
Check: Rd \usage sections
Result: NOTE
No protocol specified
The \usage entries for S3 methods should use the \method markup and not
their full name.
See chapter ‘Writing R documentation files’ in the ‘Writing R
Extensions’ manual.
Flavor: r-oldrel-macos-x86_64