CRAN Package Check Results for Package XML

Last updated on 2024-07-21 05:57:50 CEST.

Flavor Version Tinstall Tcheck Ttotal Status Flags
r-devel-linux-x86_64-debian-clang 3.99-0.17 32.11 96.17 128.28 OK
r-devel-linux-x86_64-debian-gcc 3.99-0.17 19.66 71.83 91.49 OK
r-devel-linux-x86_64-fedora-clang 3.99-0.17 158.81 OK
r-devel-linux-x86_64-fedora-gcc 3.99-0.17 152.28 OK
r-devel-windows-x86_64 3.99-0.17 41.00 120.00 161.00 WARN
r-patched-linux-x86_64 3.99-0.17 28.13 94.55 122.68 OK
r-release-linux-x86_64 3.99-0.17 25.78 92.21 117.99 OK
r-release-macos-arm64 3.99-0.17 64.00 OK
r-release-macos-x86_64 3.99-0.17 141.00 OK
r-release-windows-x86_64 3.99-0.17 43.00 121.00 164.00 WARN
r-oldrel-macos-arm64 3.99-0.17 64.00 OK
r-oldrel-macos-x86_64 3.99-0.17 136.00 OK
r-oldrel-windows-x86_64 3.99-0.17 42.00 145.00 187.00 WARN

Check Details

Version: 3.99-0.17
Check: whether package can be installed
Result: WARN Found the following significant warnings: DocParse.c:1334:5: warning: 'xmlKeepBlanksDefault' is deprecated [-Wdeprecated-declarations] RSDTD.c:134:7: warning: 'xmlSkipBlankChars' is deprecated [-Wdeprecated-declarations] RSDTD.c:135:7: warning: 'xmlParseMarkupDecl' is deprecated [-Wdeprecated-declarations] RUtils.c:142:5: warning: 'xmlSubstituteEntitiesDefault' is deprecated [-Wdeprecated-declarations] See 'd:/Rcompile/CRANpkg/local/4.5/XML.Rcheck/00install.out' for details. * used C compiler: 'gcc.exe (GCC) 13.2.0' Flavor: r-devel-windows-x86_64

Version: 3.99-0.17
Check: installed package size
Result: NOTE installed size is 5.2Mb sub-directories of 1Mb or more: exampleData 1.3Mb libs 2.1Mb Flavors: r-devel-windows-x86_64, r-release-windows-x86_64, r-oldrel-windows-x86_64

Version: 3.99-0.17
Check: whether package can be installed
Result: WARN Found the following significant warnings: DocParse.c:1334:5: warning: 'xmlKeepBlanksDefault' is deprecated [-Wdeprecated-declarations] RSDTD.c:134:7: warning: 'xmlSkipBlankChars' is deprecated [-Wdeprecated-declarations] RSDTD.c:135:7: warning: 'xmlParseMarkupDecl' is deprecated [-Wdeprecated-declarations] RUtils.c:142:5: warning: 'xmlSubstituteEntitiesDefault' is deprecated [-Wdeprecated-declarations] See 'd:/Rcompile/CRANpkg/local/4.4/XML.Rcheck/00install.out' for details. * used C compiler: 'gcc.exe (GCC) 13.2.0' Flavor: r-release-windows-x86_64

Version: 3.99-0.17
Check: whether package can be installed
Result: WARN Found the following significant warnings: DocParse.c:1334:5: warning: 'xmlKeepBlanksDefault' is deprecated [-Wdeprecated-declarations] RSDTD.c:134:7: warning: 'xmlSkipBlankChars' is deprecated [-Wdeprecated-declarations] RSDTD.c:135:7: warning: 'xmlParseMarkupDecl' is deprecated [-Wdeprecated-declarations] RUtils.c:142:5: warning: 'xmlSubstituteEntitiesDefault' is deprecated [-Wdeprecated-declarations] See 'd:/Rcompile/CRANpkg/local/4.3/XML.Rcheck/00install.out' for details. * used C compiler: 'gcc.exe (GCC) 12.3.0' Flavor: r-oldrel-windows-x86_64