CRAN Package Check Results for Package TSCS

Last updated on 2021-03-07 05:48:59 CET.

Flavor Version Tinstall Tcheck Ttotal Status Flags
r-devel-linux-x86_64-debian-clang 0.1.1 8.82 77.72 86.54 OK
r-devel-linux-x86_64-debian-gcc 0.1.1 6.72 58.61 65.33 OK
r-devel-linux-x86_64-fedora-clang 0.1.1 111.60 OK
r-devel-linux-x86_64-fedora-gcc 0.1.1 100.12 OK
r-devel-windows-ix86+x86_64 0.1.1 21.00 93.00 114.00 OK
r-devel-windows-x86_64-gcc10-UCRT 0.1.1 OK
r-patched-linux-x86_64 0.1.1 8.52 72.53 81.05 OK
r-patched-solaris-x86 0.1.1 138.50 OK
r-release-linux-x86_64 0.1.1 8.31 73.71 82.02 OK
r-release-macos-x86_64 0.1.1 OK
r-release-windows-ix86+x86_64 0.1.1 17.00 76.00 93.00 OK
r-oldrel-macos-x86_64 0.1.1 WARN
r-oldrel-windows-ix86+x86_64 0.1.1 12.00 69.00 81.00 OK

Check Details

Version: 0.1.1
Check: whether package can be installed
Result: WARN
    Found the following significant warnings:
     Warning: 'rgl_init' failed, running with rgl.useNULL = TRUE
Flavor: r-oldrel-macos-x86_64