CRAN Package Check Results for Package RobMixReg

Last updated on 2021-02-25 05:48:33 CET.

Flavor Version Tinstall Tcheck Ttotal Status Flags
r-devel-linux-x86_64-debian-clang 1.1.0 9.77 91.29 101.06 OK
r-devel-linux-x86_64-debian-gcc 1.1.0 7.93 67.45 75.38 OK
r-devel-linux-x86_64-fedora-clang 1.1.0 129.42 NOTE
r-devel-linux-x86_64-fedora-gcc 1.1.0 116.21 NOTE
r-devel-windows-ix86+x86_64 1.1.0 17.00 79.00 96.00 OK
r-patched-linux-x86_64 1.1.0 9.17 84.96 94.13 OK
r-patched-solaris-x86 1.1.0 157.50 NOTE
r-release-linux-x86_64 1.1.0 9.98 83.22 93.20 OK
r-release-macos-x86_64 1.1.0 NOTE
r-release-windows-ix86+x86_64 1.1.0 24.00 116.00 140.00 OK
r-oldrel-macos-x86_64 1.1.0 NOTE
r-oldrel-windows-ix86+x86_64 1.1.0 14.00 103.00 117.00 OK

Check Details

Version: 1.1.0
Check: dependencies in R code
Result: NOTE
    Namespace in Imports field not imported from: ‘glmnet’
     All declared Imports should be used.
Flavors: r-devel-linux-x86_64-fedora-clang, r-devel-linux-x86_64-fedora-gcc, r-patched-solaris-x86, r-release-macos-x86_64, r-oldrel-macos-x86_64