CRAN Package Check Results for Package RcmdrPlugin.NMBU

Last updated on 2021-01-19 05:48:13 CET.

Flavor Version Tinstall Tcheck Ttotal Status Flags
r-devel-linux-x86_64-debian-clang 1.8.12 27.57 159.64 187.21 OK
r-devel-linux-x86_64-debian-gcc 1.8.12 24.63 120.14 144.77 OK
r-devel-linux-x86_64-fedora-clang 1.8.12 235.65 OK
r-devel-linux-x86_64-fedora-gcc 1.8.12 228.29 OK
r-devel-windows-ix86+x86_64 1.8.12 40.00 123.00 163.00 OK
r-patched-linux-x86_64 1.8.12 20.68 145.83 166.51 OK
r-patched-solaris-x86 1.8.12 347.50 OK
r-release-linux-x86_64 1.8.12 21.22 144.83 166.05 OK
r-release-macos-x86_64 1.8.12 OK
r-release-windows-ix86+x86_64 1.8.12 44.00 136.00 180.00 OK
r-oldrel-macos-x86_64 1.8.12 WARN
r-oldrel-windows-ix86+x86_64 1.8.12 30.00 115.00 145.00 OK

Check Details

Version: 1.8.12
Check: dependencies in R code
Result: NOTE
    No protocol specified
    No protocol specified
Flavor: r-oldrel-macos-x86_64

Version: 1.8.12
Check: S3 generic/method consistency
Result: WARN
    No protocol specified
    No protocol specified
    See section ‘Generic functions and methods’ in the ‘Writing R
    Extensions’ manual.
Flavor: r-oldrel-macos-x86_64

Version: 1.8.12
Check: replacement functions
Result: WARN
    No protocol specified
    No protocol specified
    The argument of a replacement function which corresponds to the right
    hand side must be named ‘value’.
Flavor: r-oldrel-macos-x86_64

Version: 1.8.12
Check: foreign function calls
Result: NOTE
    No protocol specified
    No protocol specified
    See chapter ‘System and foreign language interfaces’ in the ‘Writing R
    Extensions’ manual.
Flavor: r-oldrel-macos-x86_64

Version: 1.8.12
Check: R code for possible problems
Result: NOTE
    No protocol specified
    No protocol specified
Flavor: r-oldrel-macos-x86_64

Version: 1.8.12
Check: for missing documentation entries
Result: WARN
    No protocol specified
    No protocol specified
    All user-level objects in a package should have documentation entries.
    See chapter ‘Writing R documentation files’ in the ‘Writing R
    Extensions’ manual.
Flavor: r-oldrel-macos-x86_64

Version: 1.8.12
Check: for code/documentation mismatches
Result: WARN
    No protocol specified
    No protocol specified
    No protocol specified
    No protocol specified
    No protocol specified
    No protocol specified
Flavor: r-oldrel-macos-x86_64

Version: 1.8.12
Check: Rd \usage sections
Result: NOTE
    No protocol specified
    No protocol specified
    The \usage entries for S3 methods should use the \method markup and not
    their full name.
    See chapter ‘Writing R documentation files’ in the ‘Writing R
    Extensions’ manual.
Flavor: r-oldrel-macos-x86_64