CRAN Package Check Results for Package RHRV

Last updated on 2024-03-04 05:55:03 CET.

Flavor Version Tinstall Tcheck Ttotal Status Flags
r-devel-linux-x86_64-debian-clang 4.2.7 16.33 146.20 162.53 OK
r-devel-linux-x86_64-debian-gcc 4.2.7 16.18 108.43 124.61 OK
r-devel-linux-x86_64-fedora-clang 4.2.7 203.75 NOTE
r-devel-linux-x86_64-fedora-gcc 4.2.7 201.09 OK
r-devel-windows-x86_64 4.2.7 20.00 128.00 148.00 OK
r-patched-linux-x86_64 4.2.7 26.01 139.95 165.96 OK
r-release-linux-x86_64 4.2.7 12.11 138.84 150.95 OK
r-release-macos-arm64 4.2.7 67.00 OK
r-release-macos-x86_64 4.2.7 99.00 OK
r-release-windows-x86_64 4.2.7 27.00 160.00 187.00 OK
r-oldrel-macos-arm64 4.2.7 65.00 OK
r-oldrel-windows-x86_64 4.2.7 26.00 152.00 178.00 OK

Check Details

Version: 4.2.7
Check: Rd cross-references
Result: NOTE Undeclared packages ‘tseries’, ‘TSA’ in Rd xrefs Flavor: r-devel-linux-x86_64-fedora-clang