CRAN Package Check Results for Package RGCxGC

Last updated on 2021-02-25 05:48:33 CET.

Flavor Version Tinstall Tcheck Ttotal Status Flags
r-devel-linux-x86_64-debian-clang 1.1-2 16.95 213.78 230.73 OK
r-devel-linux-x86_64-debian-gcc 1.1-2 13.50 150.98 164.48 OK
r-devel-linux-x86_64-fedora-clang 1.1-2 290.32 NOTE
r-devel-linux-x86_64-fedora-gcc 1.1-2 276.69 OK
r-devel-windows-ix86+x86_64 1.1-2 27.00 176.00 203.00 NOTE
r-patched-linux-x86_64 1.1-2 16.08 198.81 214.89 OK
r-patched-solaris-x86 1.1-2 396.20 NOTE
r-release-linux-x86_64 1.1-2 17.66 196.59 214.25 OK
r-release-macos-x86_64 1.1-2 NOTE
r-release-windows-ix86+x86_64 1.1-2 48.00 253.00 301.00 NOTE
r-oldrel-macos-x86_64 1.1-2 NOTE
r-oldrel-windows-ix86+x86_64 1.1-2 25.00 246.00 271.00 NOTE

Check Details

Version: 1.1-2
Check: installed package size
Result: NOTE
     installed size is 7.2Mb
     sub-directories of 1Mb or more:
     data 1.9Mb
     doc 2.2Mb
     extdata 2.7Mb
Flavors: r-devel-linux-x86_64-fedora-clang, r-devel-windows-ix86+x86_64, r-patched-solaris-x86, r-release-macos-x86_64, r-release-windows-ix86+x86_64, r-oldrel-macos-x86_64, r-oldrel-windows-ix86+x86_64