Last updated on 2021-01-18 05:47:36 CET.
Flavor | Version | Tinstall | Tcheck | Ttotal | Status | Flags |
---|---|---|---|---|---|---|
r-devel-linux-x86_64-debian-clang | 1.98-1.2 | 17.72 | 45.03 | 62.75 | NOTE | |
r-devel-linux-x86_64-debian-gcc | 1.98-1.2 | 14.88 | 35.57 | 50.45 | NOTE | |
r-devel-linux-x86_64-fedora-clang | 1.98-1.2 | 87.77 | NOTE | |||
r-devel-linux-x86_64-fedora-gcc | 1.98-1.2 | 78.47 | NOTE | |||
r-devel-windows-ix86+x86_64 | 1.98-1.2 | 38.00 | 142.00 | 180.00 | NOTE | |
r-patched-linux-x86_64 | 1.98-1.2 | 17.27 | 43.18 | 60.45 | NOTE | |
r-patched-solaris-x86 | 1.98-1.2 | 95.10 | NOTE | --no-examples | ||
r-release-linux-x86_64 | 1.98-1.2 | 19.10 | 43.29 | 62.39 | NOTE | |
r-release-macos-x86_64 | 1.98-1.2 | NOTE | ||||
r-release-windows-ix86+x86_64 | 1.98-1.2 | 40.00 | 157.00 | 197.00 | NOTE | |
r-oldrel-macos-x86_64 | 1.98-1.2 | NOTE | ||||
r-oldrel-windows-ix86+x86_64 | 1.98-1.2 | 40.00 | 166.00 | 206.00 | NOTE |
Version: 1.98-1.2
Check: for GNU extensions in Makefiles
Result: NOTE
GNU make is a SystemRequirements.
Flavors: r-devel-linux-x86_64-debian-clang, r-devel-linux-x86_64-debian-gcc, r-devel-linux-x86_64-fedora-clang, r-devel-linux-x86_64-fedora-gcc, r-devel-windows-ix86+x86_64, r-patched-linux-x86_64, r-release-linux-x86_64, r-release-macos-x86_64, r-release-windows-ix86+x86_64, r-oldrel-macos-x86_64, r-oldrel-windows-ix86+x86_64
Version: 1.98-1.2
Check: installed package size
Result: NOTE
installed size is 6.4Mb
sub-directories of 1Mb or more:
libs 4.4Mb
Flavors: r-devel-windows-ix86+x86_64, r-release-windows-ix86+x86_64, r-oldrel-windows-ix86+x86_64
Version: 1.98-1.2
Flags: --no-examples
Check: for GNU extensions in Makefiles
Result: NOTE
GNU make is a SystemRequirements.
Flavor: r-patched-solaris-x86