CRAN Package Check Results for Package RAINBOWR

Last updated on 2021-03-07 05:48:53 CET.

Flavor Version Tinstall Tcheck Ttotal Status Flags
r-devel-linux-x86_64-debian-clang 0.1.26 104.68 363.62 468.30 OK
r-devel-linux-x86_64-debian-gcc 0.1.26 89.26 284.04 373.30 OK
r-devel-linux-x86_64-fedora-clang 0.1.26 586.28 NOTE
r-devel-linux-x86_64-fedora-gcc 0.1.26 573.70 OK
r-devel-windows-ix86+x86_64 0.1.26 217.00 507.00 724.00 OK
r-devel-windows-x86_64-gcc10-UCRT 0.1.26 OK
r-patched-linux-x86_64 0.1.26 101.39 333.04 434.43 OK
r-patched-solaris-x86 0.1.26 865.30 OK
r-release-linux-x86_64 0.1.26 99.72 333.64 433.36 OK
r-release-macos-x86_64 0.1.26 ERROR
r-release-windows-ix86+x86_64 0.1.26 161.00 392.00 553.00 OK
r-oldrel-macos-x86_64 0.1.26 ERROR
r-oldrel-windows-ix86+x86_64 0.1.26 128.00 367.00 495.00 OK

Check Details

Version: 0.1.26
Check: installed package size
Result: NOTE
     installed size is 28.8Mb
     sub-directories of 1Mb or more:
     libs 27.8Mb
Flavor: r-devel-linux-x86_64-fedora-clang

Version: 0.1.26
Check: package dependencies
Result: ERROR
    Package required but not available: ‘ggtree’
    
    See section ‘The DESCRIPTION file’ in the ‘Writing R Extensions’
    manual.
Flavor: r-release-macos-x86_64

Version: 0.1.26
Check: whether package can be installed
Result: ERROR
    Installation failed.
Flavor: r-oldrel-macos-x86_64