CRAN Package Check Results for Package PCMBaseCpp

Last updated on 2024-06-22 06:50:56 CEST.

Flavor Version Tinstall Tcheck Ttotal Status Flags
r-devel-linux-x86_64-debian-clang 0.1.9 140.90 434.96 575.86 NOTE
r-devel-linux-x86_64-debian-gcc 0.1.9 129.79 300.65 430.44 NOTE
r-devel-linux-x86_64-fedora-clang 0.1.9 763.03 NOTE
r-devel-linux-x86_64-fedora-gcc 0.1.9 770.12 NOTE
r-devel-windows-x86_64 0.1.9 121.00 290.00 411.00 NOTE
r-patched-linux-x86_64 0.1.9 152.98 412.54 565.52 NOTE
r-release-linux-x86_64 0.1.9 161.26 404.66 565.92 NOTE
r-release-macos-arm64 0.1.9 152.00 NOTE
r-release-macos-x86_64 0.1.9 298.00 NOTE
r-release-windows-x86_64 0.1.9 125.00 299.00 424.00 NOTE
r-oldrel-macos-arm64 0.1.9 192.00 NOTE
r-oldrel-macos-x86_64 0.1.9 281.00 NOTE
r-oldrel-windows-x86_64 0.1.9 157.00 406.00 563.00 NOTE

Check Details

Version: 0.1.9
Check: C++ specification
Result: NOTE Specified C++11: please drop specification unless essential Flavors: r-devel-linux-x86_64-debian-clang, r-devel-linux-x86_64-debian-gcc, r-devel-linux-x86_64-fedora-clang, r-devel-linux-x86_64-fedora-gcc, r-devel-windows-x86_64, r-patched-linux-x86_64, r-release-linux-x86_64, r-release-macos-arm64, r-release-macos-x86_64, r-release-windows-x86_64, r-oldrel-macos-arm64, r-oldrel-macos-x86_64, r-oldrel-windows-x86_64

Version: 0.1.9
Check: Rd files
Result: NOTE checkRd: (-1) MiniBenchmarkRvsCpp.Rd:16: Lost braces in \itemize; meant \describe ? checkRd: (-1) MiniBenchmarkRvsCpp.Rd:17: Lost braces in \itemize; meant \describe ? checkRd: (-1) MiniBenchmarkRvsCpp.Rd:18: Lost braces in \itemize; meant \describe ? Flavors: r-devel-linux-x86_64-debian-clang, r-devel-linux-x86_64-debian-gcc, r-devel-linux-x86_64-fedora-clang, r-devel-linux-x86_64-fedora-gcc, r-devel-windows-x86_64, r-patched-linux-x86_64, r-release-linux-x86_64, r-release-macos-arm64, r-release-macos-x86_64, r-release-windows-x86_64

Version: 0.1.9
Check: installed package size
Result: NOTE installed size is 33.1Mb sub-directories of 1Mb or more: libs 31.9Mb Flavors: r-release-macos-arm64, r-release-macos-x86_64, r-oldrel-macos-arm64, r-oldrel-macos-x86_64