CRAN Package Check Results for Package OptimaRegion

Last updated on 2021-02-27 05:48:33 CET.

Flavor Version Tinstall Tcheck Ttotal Status Flags
r-devel-linux-x86_64-debian-clang 1.1 4.15 40.21 44.36 OK
r-devel-linux-x86_64-debian-gcc 1.1 2.71 31.13 33.84 OK
r-devel-linux-x86_64-fedora-clang 1.1 66.79 NOTE
r-devel-linux-x86_64-fedora-gcc 1.1 54.72 NOTE
r-devel-windows-ix86+x86_64 1.1 7.00 40.00 47.00 OK
r-patched-linux-x86_64 1.1 4.15 38.88 43.03 OK
r-patched-solaris-x86 1.1 70.30 NOTE
r-release-linux-x86_64 1.1 3.50 38.88 42.38 OK
r-release-macos-x86_64 1.1 NOTE
r-release-windows-ix86+x86_64 1.1 9.00 54.00 63.00 OK
r-oldrel-macos-x86_64 1.1 NOTE
r-oldrel-windows-ix86+x86_64 1.1 4.00 53.00 57.00 OK

Check Details

Version: 1.1
Check: dependencies in R code
Result: NOTE
    Namespace in Imports field not imported from: ‘geometry’
     All declared Imports should be used.
Flavors: r-devel-linux-x86_64-fedora-clang, r-devel-linux-x86_64-fedora-gcc, r-patched-solaris-x86, r-release-macos-x86_64, r-oldrel-macos-x86_64