CRAN Package Check Results for Package MuMIn

Last updated on 2021-01-19 05:48:10 CET.

Flavor Version Tinstall Tcheck Ttotal Status Flags
r-devel-linux-x86_64-debian-clang 1.43.17 16.64 162.69 179.33 OK
r-devel-linux-x86_64-debian-gcc 1.43.17 15.95 122.43 138.38 OK
r-devel-linux-x86_64-fedora-clang 1.43.17 225.04 NOTE
r-devel-linux-x86_64-fedora-gcc 1.43.17 214.43 OK
r-devel-windows-ix86+x86_64 1.43.17 23.00 176.00 199.00 OK
r-patched-linux-x86_64 1.43.17 15.53 150.17 165.70 OK
r-patched-solaris-x86 1.43.17 312.00 OK
r-release-linux-x86_64 1.43.17 17.30 151.08 168.38 OK
r-release-macos-x86_64 1.43.17 OK
r-release-windows-ix86+x86_64 1.43.17 25.00 147.00 172.00 OK
r-oldrel-macos-x86_64 1.43.17 OK
r-oldrel-windows-ix86+x86_64 1.43.17 20.00 143.00 163.00 OK

Check Details

Version: 1.43.17
Check: Rd cross-references
Result: NOTE
    Undeclared packages ‘AICcmodavg’, ‘bbmle’, ‘glmulti’, ‘arm’, ‘wgeesel’, ‘ape’, ‘bestglm’, ‘leaps’, ‘glmmTMB’, ‘brglm’, ‘quantreg’, ‘maxlike’, ‘RMark’ in Rd xrefs
Flavor: r-devel-linux-x86_64-fedora-clang