Last updated on 2021-03-07 05:48:50 CET.
Flavor | Version | Tinstall | Tcheck | Ttotal | Status | Flags |
---|---|---|---|---|---|---|
r-devel-linux-x86_64-debian-clang | 2.0.0 | 5.59 | 32.92 | 38.51 | OK | |
r-devel-linux-x86_64-debian-gcc | 2.0.0 | 4.76 | 25.81 | 30.57 | OK | |
r-devel-linux-x86_64-fedora-clang | 2.0.0 | 56.29 | NOTE | |||
r-devel-linux-x86_64-fedora-gcc | 2.0.0 | 46.35 | NOTE | |||
r-devel-windows-ix86+x86_64 | 2.0.0 | 13.00 | 61.00 | 74.00 | OK | |
r-devel-windows-x86_64-gcc10-UCRT | 2.0.0 | NOTE | ||||
r-patched-linux-x86_64 | 2.0.0 | 5.10 | 31.81 | 36.91 | OK | |
r-patched-solaris-x86 | 2.0.0 | 69.40 | NOTE | |||
r-release-linux-x86_64 | 2.0.0 | 5.87 | 31.61 | 37.48 | OK | |
r-release-macos-x86_64 | 2.0.0 | NOTE | ||||
r-release-windows-ix86+x86_64 | 2.0.0 | 12.00 | 46.00 | 58.00 | OK | |
r-oldrel-macos-x86_64 | 2.0.0 | NOTE | ||||
r-oldrel-windows-ix86+x86_64 | 2.0.0 | 9.00 | 44.00 | 53.00 | OK |
Version: 2.0.0
Check: dependencies in R code
Result: NOTE
Namespace in Imports field not imported from: ‘testthat’
All declared Imports should be used.
Flavors: r-devel-linux-x86_64-fedora-clang, r-devel-linux-x86_64-fedora-gcc, r-devel-windows-x86_64-gcc10-UCRT, r-patched-solaris-x86, r-release-macos-x86_64, r-oldrel-macos-x86_64