Last updated on 2021-03-08 05:47:34 CET.
Flavor | Version | Tinstall | Tcheck | Ttotal | Status | Flags |
---|---|---|---|---|---|---|
r-devel-linux-x86_64-debian-clang | 1.4.87 | 39.99 | 129.63 | 169.62 | NOTE | |
r-devel-linux-x86_64-debian-gcc | 1.4.87 | 34.80 | 93.64 | 128.44 | NOTE | |
r-devel-linux-x86_64-fedora-clang | 1.4.87 | 217.75 | NOTE | |||
r-devel-linux-x86_64-fedora-gcc | 1.4.87 | 208.58 | NOTE | |||
r-devel-windows-ix86+x86_64 | 1.4.87 | 63.00 | 137.00 | 200.00 | NOTE | |
r-devel-windows-x86_64-gcc10-UCRT | 1.4.87 | NOTE | ||||
r-patched-linux-x86_64 | 1.4.87 | 38.95 | 114.29 | 153.24 | NOTE | |
r-patched-solaris-x86 | 1.4.87 | 247.90 | NOTE | |||
r-release-linux-x86_64 | 1.4.87 | 39.25 | 115.79 | 155.04 | NOTE | |
r-release-macos-x86_64 | 1.4.87 | NOTE | ||||
r-release-windows-ix86+x86_64 | 1.4.87 | 63.00 | 102.00 | 165.00 | NOTE | |
r-oldrel-macos-x86_64 | 1.4.87 | NOTE | ||||
r-oldrel-windows-ix86+x86_64 | 1.4.87 | 61.00 | 93.00 | 154.00 | NOTE |
Version: 1.4.87
Check: package dependencies
Result: NOTE
Package which this enhances but not available for checking: 'MoBPSmaps'
Flavors: r-devel-linux-x86_64-debian-clang, r-devel-linux-x86_64-debian-gcc, r-devel-linux-x86_64-fedora-clang, r-devel-linux-x86_64-fedora-gcc, r-devel-windows-ix86+x86_64, r-devel-windows-x86_64-gcc10-UCRT, r-patched-linux-x86_64, r-patched-solaris-x86, r-release-linux-x86_64, r-release-windows-ix86+x86_64, r-oldrel-windows-ix86+x86_64
Version: 1.4.87
Check: package dependencies
Result: NOTE
Packages suggested but not available for checking: 'doMPI', 'vcfR'
Package which this enhances but not available for checking: ‘MoBPSmaps’
Flavor: r-release-macos-x86_64
Version: 1.4.87
Check: package dependencies
Result: NOTE
Package suggested but not available for checking: ‘doMPI’
Package which this enhances but not available for checking: ‘MoBPSmaps’
Flavor: r-oldrel-macos-x86_64