CRAN Package Check Results for Package LindleyR

Last updated on 2020-11-27 05:49:00 CET.

Flavor Version Tinstall Tcheck Ttotal Status Flags
r-devel-linux-x86_64-debian-clang 1.1.0 7.49 57.48 64.97 OK
r-devel-linux-x86_64-debian-gcc 1.1.0 5.70 43.58 49.28 OK
r-devel-linux-x86_64-fedora-clang 1.1.0 84.01 NOTE
r-devel-linux-x86_64-fedora-gcc 1.1.0 74.97 OK
r-devel-windows-ix86+x86_64 1.1.0 12.00 66.00 78.00 OK
r-patched-linux-x86_64 1.1.0 7.63 53.95 61.58 OK
r-patched-solaris-x86 1.1.0 97.60 OK
r-release-linux-x86_64 1.1.0 7.68 54.16 61.84 OK
r-release-macos-x86_64 1.1.0 OK
r-release-windows-ix86+x86_64 1.1.0 13.00 61.00 74.00 OK
r-oldrel-macos-x86_64 1.1.0 OK
r-oldrel-windows-ix86+x86_64 1.1.0 11.00 74.00 85.00 OK

Check Details

Version: 1.1.0
Check: Rd cross-references
Result: NOTE
    Undeclared package ‘actuar’ in Rd xrefs
Flavor: r-devel-linux-x86_64-fedora-clang