CRAN Package Check Results for Package LEAPFrOG

Last updated on 2020-11-27 05:49:00 CET.

Flavor Version Tinstall Tcheck Ttotal Status Flags
r-devel-linux-x86_64-debian-clang 1.0.7 3.94 30.67 34.61 NOTE
r-devel-linux-x86_64-debian-gcc 1.0.7 2.85 24.75 27.60 NOTE
r-devel-linux-x86_64-fedora-clang 1.0.7 48.15 NOTE
r-devel-linux-x86_64-fedora-gcc 1.0.7 38.22 NOTE
r-devel-windows-ix86+x86_64 1.0.7 6.00 50.00 56.00 NOTE
r-patched-linux-x86_64 1.0.7 3.83 29.86 33.69 NOTE
r-patched-solaris-x86 1.0.7 65.70 NOTE
r-release-linux-x86_64 1.0.7 3.66 30.02 33.68 NOTE
r-release-macos-x86_64 1.0.7 NOTE
r-release-windows-ix86+x86_64 1.0.7 6.00 48.00 54.00 NOTE
r-oldrel-macos-x86_64 1.0.7 NOTE
r-oldrel-windows-ix86+x86_64 1.0.7 6.00 42.00 48.00 NOTE

Check Details

Version: 1.0.7
Check: R code for possible problems
Result: NOTE
    BEAPFrOG: no visible global function definition for 'jags.model'
    BEAPFrOG: no visible global function definition for 'coda.samples'
    LEAPFrOG_EM: no visible global function definition for 'write.table'
    LEAPFrOG_EM: no visible global function definition for 'constrOptim'
    LEAPFrOG_plot: no visible global function definition for 'par'
    LEAPFrOG_plot: no visible global function definition for 'barplot'
    LEAPFrOG_plot: no visible global function definition for 'legend'
    constrOptim2: no visible global function definition for 'optim'
    Undefined global functions or variables:
     barplot coda.samples constrOptim jags.model legend optim par
     write.table
    Consider adding
     importFrom("graphics", "barplot", "legend", "par")
     importFrom("stats", "constrOptim", "optim")
     importFrom("utils", "write.table")
    to your NAMESPACE file.
Flavors: r-devel-linux-x86_64-debian-clang, r-devel-linux-x86_64-debian-gcc, r-devel-linux-x86_64-fedora-clang, r-devel-linux-x86_64-fedora-gcc, r-devel-windows-ix86+x86_64, r-patched-linux-x86_64, r-patched-solaris-x86, r-release-linux-x86_64, r-release-macos-x86_64, r-release-windows-ix86+x86_64, r-oldrel-macos-x86_64, r-oldrel-windows-ix86+x86_64