CRAN Package Check Results for Package ICAMS

Last updated on 2020-11-29 05:47:22 CET.

Flavor Version Tinstall Tcheck Ttotal Status Flags
r-devel-linux-x86_64-debian-clang 2.2.4 60.10 544.58 604.68 OK
r-devel-linux-x86_64-debian-gcc 2.2.4 41.69 386.03 427.72 OK
r-devel-linux-x86_64-fedora-clang 2.2.4 587.95 NOTE
r-devel-linux-x86_64-fedora-gcc 2.2.4 555.34 NOTE
r-devel-windows-ix86+x86_64 2.2.4 99.00 427.00 526.00 OK
r-patched-linux-x86_64 2.2.4 43.40 481.92 525.32 OK
r-patched-solaris-x86 2.2.4 772.50 NOTE
r-release-linux-x86_64 2.2.4 46.61 485.56 532.17 OK
r-release-macos-x86_64 2.2.4 NOTE
r-release-windows-ix86+x86_64 2.2.4 76.00 425.00 501.00 OK
r-oldrel-macos-x86_64 2.2.4 ERROR
r-oldrel-windows-ix86+x86_64 2.2.4 77.00 463.00 540.00 OK

Check Details

Version: 2.2.4
Check: package dependencies
Result: NOTE
    Packages suggested but not available for checking:
     'BSgenome.Hsapiens.1000genomes.hs37d5',
     'BSgenome.Mmusculus.UCSC.mm10'
Flavors: r-devel-linux-x86_64-fedora-clang, r-devel-linux-x86_64-fedora-gcc, r-patched-solaris-x86, r-release-macos-x86_64

Version: 2.2.4
Check: Rd cross-references
Result: NOTE
    Packages unavailable to check Rd xrefs: ‘BSgenome.Hsapiens.1000genomes.hs37d5’, ‘BSgenome.Mmusculus.UCSC.mm10’
Flavors: r-devel-linux-x86_64-fedora-clang, r-devel-linux-x86_64-fedora-gcc, r-patched-solaris-x86, r-release-macos-x86_64

Version: 2.2.4
Check: package dependencies
Result: NOTE
    Packages suggested but not available for checking:
     'BSgenome.Hsapiens.1000genomes.hs37d5',
     'BSgenome.Hsapiens.UCSC.hg38', 'BSgenome.Mmusculus.UCSC.mm10'
Flavor: r-oldrel-macos-x86_64

Version: 2.2.4
Check: whether package can be installed
Result: ERROR
    Installation failed.
Flavor: r-oldrel-macos-x86_64