CRAN Package Check Results for Package EntropyExplorer

Last updated on 2020-11-26 05:48:57 CET.

Flavor Version Tinstall Tcheck Ttotal Status Flags
r-devel-linux-x86_64-debian-clang 1.1 3.36 36.83 40.19 NOTE
r-devel-linux-x86_64-debian-gcc 1.1 2.50 26.88 29.38 NOTE
r-devel-linux-x86_64-fedora-clang 1.1 55.08 NOTE
r-devel-linux-x86_64-fedora-gcc 1.1 44.48 NOTE
r-devel-windows-ix86+x86_64 1.1 5.00 50.00 55.00 NOTE
r-patched-linux-x86_64 1.1 3.51 35.62 39.13 NOTE
r-patched-solaris-x86 1.1 61.30 NOTE
r-release-linux-x86_64 1.1 3.37 35.37 38.74 NOTE
r-release-macos-x86_64 1.1 NOTE
r-release-windows-ix86+x86_64 1.1 5.00 48.00 53.00 NOTE
r-oldrel-macos-x86_64 1.1 NOTE
r-oldrel-windows-ix86+x86_64 1.1 7.00 51.00 58.00 NOTE

Check Details

Version: 1.1
Check: R code for possible problems
Result: NOTE
    diffcv: no visible global function definition for 'sd'
    diffcvall: no visible global function definition for 'sd'
    diffcvall: no visible global function definition for 'fligner.test'
    diffcvall: no visible global function definition for 'p.adjust'
    diffcvpFK: no visible global function definition for 'fligner.test'
    diffcvpFK: no visible global function definition for 'p.adjust'
    diffexp: no visible global function definition for 'var'
    diffexp: no visible global function definition for 't.test'
    diffexp: no visible global function definition for 'p.adjust'
    diffexp2: no visible global function definition for 'var'
    diffexp2: no visible global function definition for 't.test'
    diffexp2: no visible global function definition for 'p.adjust'
    diffnsepperm: no visible global function definition for 'p.adjust'
    diffseall: no visible global function definition for 'p.adjust'
    Undefined global functions or variables:
     fligner.test p.adjust sd t.test var
    Consider adding
     importFrom("stats", "fligner.test", "p.adjust", "sd", "t.test", "var")
    to your NAMESPACE file.
Flavors: r-devel-linux-x86_64-debian-clang, r-devel-linux-x86_64-debian-gcc, r-devel-linux-x86_64-fedora-clang, r-devel-linux-x86_64-fedora-gcc, r-devel-windows-ix86+x86_64, r-patched-linux-x86_64, r-patched-solaris-x86, r-release-linux-x86_64, r-release-macos-x86_64, r-release-windows-ix86+x86_64, r-oldrel-macos-x86_64, r-oldrel-windows-ix86+x86_64