CRAN Package Check Results for Package DysPIAData

Last updated on 2020-11-26 05:48:57 CET.

Flavor Version Tinstall Tcheck Ttotal Status Flags
r-devel-linux-x86_64-debian-clang 0.1.1 16.10 33.26 49.36 OK
r-devel-linux-x86_64-debian-gcc 0.1.1 12.31 27.96 40.27 OK
r-devel-linux-x86_64-fedora-clang 0.1.1 69.21 NOTE
r-devel-linux-x86_64-fedora-gcc 0.1.1 57.93 NOTE
r-devel-windows-ix86+x86_64 0.1.1 22.00 47.00 69.00 NOTE
r-patched-linux-x86_64 0.1.1 16.29 33.70 49.99 OK
r-patched-solaris-x86 0.1.1 94.90 NOTE
r-release-linux-x86_64 0.1.1 16.26 33.45 49.71 OK
r-release-macos-x86_64 0.1.1 NOTE
r-release-windows-ix86+x86_64 0.1.1 18.00 46.00 64.00 NOTE
r-oldrel-macos-x86_64 0.1.1 NOTE
r-oldrel-windows-ix86+x86_64 0.1.1 21.00 53.00 74.00 NOTE

Check Details

Version: 0.1.1
Check: installed package size
Result: NOTE
     installed size is 10.4Mb
     sub-directories of 1Mb or more:
     data 10.3Mb
Flavors: r-devel-linux-x86_64-fedora-clang, r-devel-windows-ix86+x86_64, r-patched-solaris-x86, r-release-macos-x86_64, r-release-windows-ix86+x86_64, r-oldrel-macos-x86_64, r-oldrel-windows-ix86+x86_64

Version: 0.1.1
Check: data for non-ASCII characters
Result: NOTE
     Note: found 9 marked UTF-8 strings
Flavors: r-devel-linux-x86_64-fedora-clang, r-devel-linux-x86_64-fedora-gcc, r-patched-solaris-x86, r-release-macos-x86_64, r-oldrel-macos-x86_64