CRAN Package Check Results for Package DiversityOccupancy

Last updated on 2020-12-02 05:48:03 CET.

Flavor Version Tinstall Tcheck Ttotal Status Flags
r-devel-linux-x86_64-debian-clang 1.0.6 25.16 174.36 199.52 OK
r-devel-linux-x86_64-debian-gcc 1.0.6 16.94 134.70 151.64 OK
r-devel-linux-x86_64-fedora-clang 1.0.6 249.70 OK
r-devel-linux-x86_64-fedora-gcc 1.0.6 241.75 OK
r-devel-windows-ix86+x86_64 1.0.6 45.00 205.00 250.00 OK
r-patched-linux-x86_64 1.0.6 18.54 162.54 181.08 OK
r-patched-solaris-x86 1.0.6 340.80 OK
r-release-linux-x86_64 1.0.6 19.55 162.08 181.63 OK
r-release-macos-x86_64 1.0.6 OK
r-release-windows-ix86+x86_64 1.0.6 35.00 154.00 189.00 OK
r-oldrel-macos-x86_64 1.0.6 WARN
r-oldrel-windows-ix86+x86_64 1.0.6 21.00 7.00 28.00 ERROR

Check Details

Version: 1.0.6
Check: whether package can be installed
Result: WARN
    Found the following significant warnings:
     Warning: 'rgl_init' failed, running with rgl.useNULL = TRUE
Flavor: r-oldrel-macos-x86_64

Version: 1.0.6
Check: whether package can be installed
Result: ERROR
    Installation failed.
Flavor: r-oldrel-windows-ix86+x86_64