CRAN Package Check Results for Package Density.T.HoldOut

Last updated on 2020-11-26 05:48:56 CET.

Flavor Version Tinstall Tcheck Ttotal Status Flags
r-devel-linux-x86_64-debian-clang 2.00 3.84 23.93 27.77 NOTE
r-devel-linux-x86_64-debian-gcc 2.00 2.74 19.10 21.84 NOTE
r-devel-linux-x86_64-fedora-clang 2.00 41.05 NOTE
r-devel-linux-x86_64-fedora-gcc 2.00 31.06 NOTE
r-devel-windows-ix86+x86_64 2.00 5.00 40.00 45.00 NOTE
r-patched-linux-x86_64 2.00 3.27 22.89 26.16 NOTE
r-patched-solaris-x86 2.00 48.20 NOTE
r-release-linux-x86_64 2.00 2.95 23.41 26.36 NOTE
r-release-macos-x86_64 2.00 NOTE
r-release-windows-ix86+x86_64 2.00 5.00 39.00 44.00 NOTE
r-oldrel-macos-x86_64 2.00 NOTE
r-oldrel-windows-ix86+x86_64 2.00 5.00 54.00 59.00 NOTE

Check Details

Version: 2.00
Check: R code for possible problems
Result: NOTE
    DensityTestim : HO: no visible global function definition for 'matplot'
    DensityTestim : HO: no visible global function definition for 'legend'
    TBuildIrregularHisto: no visible global function definition for
     'quantile'
    Tdistance : phi : phi.internal2: no visible global function definition
     for 'integrate'
    Thisto: no visible global function definition for 'hist'
    Tkernel: no visible global function definition for 'density'
    Tkernel: no visible global function definition for 'approxfun'
    Tparametric : f: no visible global function definition for 'dunif'
    Tparametric: no visible global function definition for 'qunif'
    Tparametric: no visible global function definition for 'sd'
    Tparametric : f: no visible global function definition for 'dnorm'
    Tparametric: no visible global function definition for 'qnorm'
    Tparametric: no visible global function definition for 'var'
    Tparametric : f: no visible global function definition for 'dlnorm'
    Tparametric: no visible global function definition for 'qlnorm'
    Tparametric : f: no visible global function definition for 'dexp'
    Tparametric: no visible global function definition for 'qexp'
    Tparametric : f: no visible global function definition for 'dgamma'
    Tparametric: no visible global function definition for 'qgamma'
    Tparametric : f: no visible global function definition for 'dchisq'
    Tparametric: no visible global function definition for 'qchisq'
    Tparametric : f: no visible global function definition for 'dbeta'
    Tparametric: no visible global function definition for 'qbeta'
    Undefined global functions or variables:
     approxfun dbeta dchisq density dexp dgamma dlnorm dnorm dunif hist
     integrate legend matplot qbeta qchisq qexp qgamma qlnorm qnorm
     quantile qunif sd var
    Consider adding
     importFrom("graphics", "hist", "legend", "matplot")
     importFrom("stats", "approxfun", "dbeta", "dchisq", "density", "dexp",
     "dgamma", "dlnorm", "dnorm", "dunif", "integrate", "qbeta",
     "qchisq", "qexp", "qgamma", "qlnorm", "qnorm", "quantile",
     "qunif", "sd", "var")
    to your NAMESPACE file.
Flavors: r-devel-linux-x86_64-debian-clang, r-devel-linux-x86_64-debian-gcc, r-devel-linux-x86_64-fedora-clang, r-devel-linux-x86_64-fedora-gcc, r-devel-windows-ix86+x86_64, r-patched-linux-x86_64, r-patched-solaris-x86, r-release-linux-x86_64, r-release-macos-x86_64, r-release-windows-ix86+x86_64, r-oldrel-macos-x86_64, r-oldrel-windows-ix86+x86_64