Last updated on 2021-01-24 05:48:07 CET.
Flavor | Version | Tinstall | Tcheck | Ttotal | Status | Flags |
---|---|---|---|---|---|---|
r-devel-linux-x86_64-debian-clang | 1.3.0 | 9.70 | 44.67 | 54.37 | OK | |
r-devel-linux-x86_64-debian-gcc | 1.3.0 | 7.38 | 34.52 | 41.90 | OK | |
r-devel-linux-x86_64-fedora-clang | 1.3.0 | 75.33 | OK | |||
r-devel-linux-x86_64-fedora-gcc | 1.3.0 | 70.62 | OK | |||
r-devel-windows-ix86+x86_64 | 1.3.0 | 16.00 | 68.00 | 84.00 | OK | |
r-patched-linux-x86_64 | 1.3.0 | 8.22 | 42.98 | 51.20 | OK | |
r-patched-solaris-x86 | 1.3.0 | 88.30 | NOTE | |||
r-release-linux-x86_64 | 1.3.0 | 9.53 | 43.29 | 52.82 | OK | |
r-release-macos-x86_64 | 1.3.0 | OK | ||||
r-release-windows-ix86+x86_64 | 1.3.0 | 25.00 | 58.00 | 83.00 | OK | |
r-oldrel-macos-x86_64 | 1.3.0 | OK | ||||
r-oldrel-windows-ix86+x86_64 | 1.3.0 | 13.00 | 55.00 | 68.00 | OK |
Version: 1.3.0
Check: installed package size
Result: NOTE
installed size is 5.2Mb
sub-directories of 1Mb or more:
doc 4.3Mb
Flavor: r-patched-solaris-x86