CRAN Package Check Results for Package CorrectedFDR

Last updated on 2020-11-26 05:48:55 CET.

Flavor Version Tinstall Tcheck Ttotal Status Flags
r-devel-linux-x86_64-debian-clang 1.0 2.04 20.49 22.53 OK
r-devel-linux-x86_64-debian-gcc 1.0 1.53 16.82 18.35 OK
r-devel-linux-x86_64-fedora-clang 1.0 35.11 OK
r-devel-linux-x86_64-fedora-gcc 1.0 24.76 OK
r-devel-windows-ix86+x86_64 1.0 4.00 34.00 38.00 NOTE
r-patched-linux-x86_64 1.0 2.14 20.29 22.43 OK
r-patched-solaris-x86 1.0 38.10 OK
r-release-linux-x86_64 1.0 2.12 19.33 21.45 OK
r-release-macos-x86_64 1.0 NOTE
r-release-windows-ix86+x86_64 1.0 5.00 29.00 34.00 NOTE
r-oldrel-macos-x86_64 1.0 NOTE
r-oldrel-windows-ix86+x86_64 1.0 3.00 33.00 36.00 NOTE

Check Details

Version: 1.0
Check: package dependencies
Result: NOTE
    Package suggested but not available for checking: 'ProData'
Flavors: r-devel-windows-ix86+x86_64, r-release-macos-x86_64, r-release-windows-ix86+x86_64, r-oldrel-macos-x86_64, r-oldrel-windows-ix86+x86_64