CRAN Package Check Results for Package CTShiny2

Last updated on 2021-03-07 05:48:42 CET.

Flavor Version Tinstall Tcheck Ttotal Status Flags
r-devel-linux-x86_64-debian-clang 0.1.0 2.06 20.00 22.06 OK
r-devel-linux-x86_64-debian-gcc 0.1.0 1.73 15.90 17.63 OK
r-devel-linux-x86_64-fedora-clang 0.1.0 36.43 NOTE
r-devel-linux-x86_64-fedora-gcc 0.1.0 26.07 NOTE
r-devel-windows-ix86+x86_64 0.1.0 7.00 33.00 40.00 OK
r-devel-windows-x86_64-gcc10-UCRT 0.1.0 NOTE
r-patched-linux-x86_64 0.1.0 2.07 19.81 21.88 OK
r-patched-solaris-x86 0.1.0 42.00 NOTE
r-release-linux-x86_64 0.1.0 2.21 19.52 21.73 OK
r-release-macos-x86_64 0.1.0 NOTE
r-release-windows-ix86+x86_64 0.1.0 5.00 26.00 31.00 OK
r-oldrel-macos-x86_64 0.1.0 ERROR

Check Details

Version: 0.1.0
Check: dependencies in R code
Result: NOTE
    Namespaces in Imports field not imported from:
     ‘caret’ ‘datasets’ ‘dplyr’ ‘e1071’ ‘party’ ‘rhandsontable’ ‘rpart’
     ‘rpart.plot’ ‘shiny’
     All declared Imports should be used.
Flavors: r-devel-linux-x86_64-fedora-clang, r-devel-linux-x86_64-fedora-gcc, r-devel-windows-x86_64-gcc10-UCRT, r-patched-solaris-x86, r-release-macos-x86_64

Version: 0.1.0
Check: whether package can be installed
Result: ERROR
    Installation failed.
Flavor: r-oldrel-macos-x86_64