CRAN Package Check Results for Package CINNA

Last updated on 2020-11-29 05:47:16 CET.

Flavor Version Tinstall Tcheck Ttotal Status Flags
r-devel-linux-x86_64-debian-clang 1.1.53 19.65 143.20 162.85 OK
r-devel-linux-x86_64-debian-gcc 1.1.53 12.44 107.81 120.25 OK
r-devel-linux-x86_64-fedora-clang 1.1.53 197.97 NOTE
r-devel-linux-x86_64-fedora-gcc 1.1.53 189.06 NOTE
r-devel-windows-ix86+x86_64 1.1.53 31.00 163.00 194.00 OK
r-patched-linux-x86_64 1.1.53 14.83 136.02 150.85 OK
r-patched-solaris-x86 1.1.53 252.20 NOTE
r-release-linux-x86_64 1.1.53 17.24 136.42 153.66 OK
r-release-macos-x86_64 1.1.53 NOTE
r-release-windows-ix86+x86_64 1.1.53 21.00 128.00 149.00 OK
r-oldrel-macos-x86_64 1.1.53 NOTE
r-oldrel-windows-ix86+x86_64 1.1.53 20.00 138.00 158.00 OK

Check Details

Version: 1.1.53
Check: dependencies in R code
Result: NOTE
    Namespace in Imports field not imported from: ‘circlize’
     All declared Imports should be used.
Flavors: r-devel-linux-x86_64-fedora-clang, r-devel-linux-x86_64-fedora-gcc, r-patched-solaris-x86, r-release-macos-x86_64, r-oldrel-macos-x86_64