CRAN Package Check Results for Package BioMedR

Last updated on 2021-02-27 05:48:21 CET.

Flavor Version Tinstall Tcheck Ttotal Status Flags
r-devel-linux-x86_64-debian-clang 1.2.1 31.74 315.90 347.64 OK
r-devel-linux-x86_64-debian-gcc 1.2.1 26.25 235.23 261.48 OK
r-devel-linux-x86_64-fedora-clang 1.2.1 426.15 OK
r-devel-linux-x86_64-fedora-gcc 1.2.1 433.02 OK
r-devel-windows-ix86+x86_64 1.2.1 6.00 6.00 12.00 ERROR
r-patched-linux-x86_64 1.2.1 29.37 292.25 321.62 OK
r-release-linux-x86_64 1.2.1 28.81 292.64 321.45 OK
r-release-macos-x86_64 1.2.1 ERROR
r-release-windows-ix86+x86_64 1.2.1 68.00 389.00 457.00 OK
r-oldrel-macos-x86_64 1.2.1 ERROR
r-oldrel-windows-ix86+x86_64 1.2.1 41.00 372.00 413.00 OK

Check Details

Version: 1.2.1
Check: whether package can be installed
Result: ERROR
    Installation failed.
Flavor: r-devel-windows-ix86+x86_64

Version: 1.2.1
Check: package dependencies
Result: ERROR
    Packages required but not available: 'ChemmineR', 'fmcsR'
    
    See section ‘The DESCRIPTION file’ in the ‘Writing R Extensions’
    manual.
Flavor: r-release-macos-x86_64

Version: 1.2.1
Check: package dependencies
Result: ERROR
    Packages required but not available: 'ChemmineR', 'fmcsR', 'org.Hs.eg.db'
    
    See section ‘The DESCRIPTION file’ in the ‘Writing R Extensions’
    manual.
Flavor: r-oldrel-macos-x86_64