CRAN Package Check Results for Package BcDiag

Last updated on 2020-11-26 05:48:53 CET.

Flavor Version Tinstall Tcheck Ttotal Status Flags
r-devel-linux-x86_64-debian-clang 1.0.10 5.19 59.72 64.91 NOTE
r-devel-linux-x86_64-debian-gcc 1.0.10 4.72 47.75 52.47 NOTE
r-devel-linux-x86_64-fedora-clang 1.0.10 87.85 NOTE
r-devel-linux-x86_64-fedora-gcc 1.0.10 78.21 NOTE
r-devel-windows-ix86+x86_64 1.0.10 11.00 86.00 97.00 OK
r-patched-linux-x86_64 1.0.10 6.19 58.80 64.99 NOTE
r-patched-solaris-x86 1.0.10 132.40 NOTE
r-release-linux-x86_64 1.0.10 5.53 59.22 64.75 NOTE
r-release-macos-x86_64 1.0.10 OK
r-release-windows-ix86+x86_64 1.0.10 13.00 95.00 108.00 OK
r-oldrel-macos-x86_64 1.0.10 OK
r-oldrel-windows-ix86+x86_64 1.0.10 8.00 78.00 86.00 OK

Check Details

Version: 1.0.10
Check: for non-standard things in the check directory
Result: NOTE
    Found the following files/directories:
     'fabiabreast.txt'
Flavors: r-devel-linux-x86_64-debian-clang, r-devel-linux-x86_64-debian-gcc, r-devel-linux-x86_64-fedora-clang, r-devel-linux-x86_64-fedora-gcc, r-patched-linux-x86_64, r-patched-solaris-x86, r-release-linux-x86_64