CRAN Package Check Results for Package BACA

Last updated on 2020-11-27 05:48:51 CET.

Flavor Version Tinstall Tcheck Ttotal Status Flags
r-devel-linux-x86_64-debian-clang 1.3 27.06 234.24 261.30 OK
r-devel-linux-x86_64-debian-gcc 1.3 23.05 177.02 200.07 OK
r-devel-linux-x86_64-fedora-clang 1.3 329.17 OK
r-devel-linux-x86_64-fedora-gcc 1.3 315.15 OK
r-devel-windows-ix86+x86_64 1.3 60.00 260.00 320.00 OK --no-vignettes
r-patched-linux-x86_64 1.3 26.70 219.74 246.44 OK
r-patched-solaris-x86 1.3 443.30 OK --no-vignettes
r-release-linux-x86_64 1.3 28.41 217.88 246.29 OK
r-release-macos-x86_64 1.3 ERROR
r-release-windows-ix86+x86_64 1.3 62.00 262.00 324.00 OK --no-vignettes
r-oldrel-macos-x86_64 1.3 ERROR
r-oldrel-windows-ix86+x86_64 1.3 21.00 7.00 28.00 ERROR --no-vignettes

Check Details

Version: 1.3
Check: package dependencies
Result: ERROR
    Package required but not available: ‘RDAVIDWebService’
    
    See section ‘The DESCRIPTION file’ in the ‘Writing R Extensions’
    manual.
Flavor: r-release-macos-x86_64

Version: 1.3
Check: whether package can be installed
Result: ERROR
    Installation failed.
Flavor: r-oldrel-macos-x86_64

Version: 1.3
Flags: --no-vignettes
Check: whether package can be installed
Result: ERROR
    Installation failed.
Flavor: r-oldrel-windows-ix86+x86_64